e a(-9). Let x(z) = 6*z**2 - z. Give x(c).
5
Let j(n) be the first derivative of 2*n**2 + 9*n - 15. Let q = -4 - 2. What is j(q)?
-15
Suppose z + 11 = l - z, -5*l + z = -28. Let b(a) = -a + 4. Let i be b(3). Let j(w) = 2*w + 1 - 7 + 0 - i. Calculate j(l).
3
Let c(i) be the third derivative of -i**7/840 + i**6/90 - i**4/6 - i**3/6 + 3*i**2. Let v(d) be the first derivative of c(d). Calculate v(4).
-4
Suppose p = 2*q - 1, q - p + 2*p = -1. Suppose -5*i + 4*v = v + 25, q = -i - 2*v - 5. Let r(f) = -f**2 - 4*f + 4. What is r(i)?
-1
Let a(d) = -11*d**3 - 19*d**2 - 1. Let b(x) = -5*x**3 - 9*x**2. Let z(w) = -4*a(w) + 9*b(w). What is z(-5)?
4
Let r(g) = -g**2 + 8*g - 8. Let n = -1 + 3. Let u be (5/(-4))/((-3)/12). Suppose 0 = -u*s - 4*a + 30, -4*s + 3*a = -n*s - 12. Determine r(s).
4
Let f(y) = -y**2 + 7*y - 2. Suppose 9 = 3*p - 33. Suppose 4*v - p + 7 = 3*m, 3*m = 3*v - 3. Calculate f(m).
10
Let l(u) = 2*u**2 + 2*u + 2. Let f be l(-2). Let z(g) = -12*g - 5 + 7*g + 6*g. Give z(f).
1
Let p(a) be the third derivative of -5*a**2 + 1/3*a**3 + 0*a + 0 - 1/12*a**4. Determine p(2).
-2
Let o(w) = -1 + 8*w - 3*w + 10*w. Determine o(1).
14
Let w = 0 + -4. Let t = -1 - w. Let j be ((t*-10)/(-3))/2. Let k(l) = 2*l - 4. Determine k(j).
6
Let x(h) = 2*h**2 + h - 2. Let a = 1 + 5. Suppose -4*w = -w. Suppose 5*k + a*g = 2*g + 5, -k - 4*g + 17 = w. What is x(k)?
13
Let t(o) = 4*o**2 - 1. Let k be t(1). Let m(g) = 3 - 3*g**2 + k*g + g + 0*g - g**3. Calculate m(-4).
3
Let t = 24 - 26. Let q(b) = -4*b - 5. Let s(j) = 17*j + 21. Let w(u) = -9*q(u) - 2*s(u). Determine w(t).
-1
Suppose -3*a - 4*d = -6, a - 3*d = -3 - 8. Let z(q) be the first derivative of q**4/4 + 2*q**3/3 - 3*q**2/2 - q - 2. What is z(a)?
5
Let i(w) = -w**2 + 2*w + 7. Suppose f - 50 = -4*z - 0*z, 21 = z - 4*f. Suppose -4*q - 37 = -5*m, 5*m + q = z + 9. Give i(m).
-8
Let f(o) = 3*o - 10. Let m be f(5). Let z(s) = s**3 - 6*s**2 + 3*s + 7. Calculate z(m).
-3
Let s(j) = -j**3 - 4 + 0*j**2 + 3*j + 7*j**2 - 2*j**2 - 2*j. Give s(5).
1
Let h(i) be the third derivative of i**5/60 - i**4/6 + i**3/2 - 2*i**2 + 2*i. Determine h(5).
8
Let c(z) = -4*z**2 - 2*z - 6 - 2 + 4 + 6*z - z**3. What is c(-5)?
1
Let x(p) = -5 - 16*p + 15*p - 3. Calculate x(6).
-14
Let h(k) = 0 + 3 - 2*k - 2*k. Determine h(2).
-5
Let c(p) be the third derivative of -p**7/1260 + p**6/144 + p**5/60 - p**4/8 - 4*p**2. Let j(y) be the second derivative of c(y). Give j(4).
-10
Let m(v) be the first derivative of -5 + 1/2*v**2 - 8*v. What is m(7)?
-1
Let b = 3 + -1. Let v be 6/4 + (-15)/b. Let i(f) = -f**2 - 6*f + 7. Calculate i(v).
7
Let s(i) = 2*i**2 + 5*i + 3. Let t(g) be the second derivative of -1/3*g**4 - 5/3*g**3 + g + 0 - 3*g**2. Let j(b) = 5*s(b) + 2*t(b). Give j(-3).
6
Let m(o) = -3*o - 1. Let y be m(-1). Let s(k) = k**3 + k**2 + k**y + 3*k - 6*k - 1. Calculate s(-3).
-1
Suppose 3*u = 26 - 11. Suppose -1 - 4 = u*h. Let z be h*2 - (-14)/(-7). Let d(g) = g + 1. Determine d(z).
-3
Let i(k) = 9*k**3 + 6*k**2 + 17*k - 15. Let l(a) = 5*a**3 + 3*a**2 + 9*a - 8. Let n(x) = 6*i(x) - 11*l(x). Determine n(3).
7
Let k(q) = q**2 - 3*q. Suppose 5*l - l = -5*d + 32, -d + 19 = 5*l. Give k(l).
0
Let n(j) = -5*j**2 + 6*j + 13. Let b(w) = -4*w**2 + 6*w + 12. Suppose -5*x = 7 - 37. Let f(v) = x*b(v) - 5*n(v). Determine f(-6).
7
Let g(d) be the first derivative of -d**2/2 - d - 2. Give g(-1).
0
Let k(p) = -3 - 2 + 4 - p - 11. Suppose -q = 8 - 1. Calculate k(q).
-5
Let t(p) = -2*p - 4 - 4 - 3*p + 6*p. Let v be (1/2)/((-1)/(-4)). Suppose 2*i = -v*i. What is t(i)?
-8
Let o(q) = -q**3 - q**2 + 1. Let r(d) = 4*d**3 + 6*d**2 + 4*d. Let l(g) = -2*o(g) - r(g). Let h = -32 - -30. Give l(h).
6
Let k = -25 + 25. Let n(a) = a**2 - 4. Give n(k).
-4
Let g(d) = -4*d**2 - 12*d + 6. Let p(l) = -5*l**2 - 13*l + 6. Let j(m) = 6*g(m) - 5*p(m). Let v = -42 - -29. Let w = v + 18. Give j(w).
-4
Let z(n) = -n**2 + 7*n - 6. Let k be z(5). Let h(d) = d**3 - k*d**2 - 5*d**2 + 4*d**2 - 3 + 2*d**2. Give h(3).
-3
Let s be 1/(-2)*-2 + -1. Suppose s*n + n = 2. Let l = n + -1. Let g(r) = -6*r**2 - r + 1. Calculate g(l).
-6
Let q(t) = -t + 10. Let r = -30 - -49. Let n = r - 13. What is q(n)?
4
Let x be 4 + (0/(-3))/1. Let a(m) = m**2 + 8*m - 3. Let t(i) = 3*i - 1. Let q(o) = x*a(o) - 11*t(o). Determine q(-1).
4
Let y(t) = t**3 - 2. Let b be -1 + -8*(-20)/(-8). Let m be 0/1*7/b. Calculate y(m).
-2
Suppose -y + 12 = 4*y - p, -4*y + 14 = -3*p. Let v be (y/(-6))/(1/(-3)). Suppose 4*r - 3*r = v. Let c(h) = 8*h - 1. Calculate c(r).
7
Let r(c) = -c**2 + 37*c - 97. Let h be r(34). Let y(j) = -j**2 + 7. Give y(h).
-18
Let v = 2 + 0. Let c be ((-1)/(-1))/(1/v). Let k(t) = -t**2 - 3*t + 3. Give k(c).
-7
Suppose -w - c = 8, -4*c - 1 = -2*w - 11. Let d(v) = v**3 + 7*v**2 - 2*v - 9. Give d(w).
5
Let s be (-8)/(-6) + (-24)/(-36). Suppose 0 = -0*k - k + 5. Let b(r) = 3*r - k*r + r. Give b(s).
-2
Let v be 3*1/(-1) + 8. Suppose 0*w + w = -v*n + 30, -5*w = -4*n - 5. Let m(b) = b + 2. What is m(w)?
7
Let r be (-8)/36 + (-38)/(-9). Let z(q) = -1 + 0*q + 5*q - 2*q - r*q. Determine z(-5).
4
Let n(t) be the second derivative of -1/6*t**3 + 0 - t - 1/12*t**4 + 5/2*t**2. Determine n(0).
5
Let x(l) = -4*l**2 + 7*l - 3*l**2 + 6*l**2 - 3. Let f(n) = -n**2 - 10*n - 8. Let o be f(-7). Let d = o + -9. Calculate x(d).
9
Let a(c) = 8. Let x(l) = -l - 1. Let o(m) = -a(m) - 8*x(m). What is o(-2)?
-16
Let y(b) = 15*b**2 - b + 1. Let s(o) = -o**2 + 9*o - 19. Let d be s(5). Calculate y(d).
15
Suppose 4*d = 5*o + 20, -18 + 6 = 5*d + 3*o. Suppose 4*c - 10 = 2*s, -4*c - 2 = 5*s - 5. Let w be 0 + 1 + c + d. Let i(y) = y**2 - 3*y + 2. Give i(w).
2
Suppose 0*o - 4 = -4*o. Suppose 9 = 4*p + 1. Let l(f) = -1 + 0*f - 5*f**p - f - f**2 + 2. Calculate l(o).
-6
Suppose 0 = 5*b + 11 + 4. Let f be 10/(-8) - b/12. Let d(g) = -5*g + 8*g - 9*g. Determine d(f).
6
Let a(i) = -i**2 - 4*i + 7. Let d be a(-6). Let c(l) = l + 1. Let o be c(d). Let m be (1 + o - 0) + 1. Let s(g) = 2*g**2 + 2*g + 1. What is s(m)?
5
Let a(p) = -p**3 - 4*p**2 - 2*p - 2. Suppose 0*h = 2*h + 6. Determine a(h).
-5
Let k(o) = -3*o**3 + 5*o**2 - 1. Let b(r) = 7*r**3 - 10*r**2 + r + 3. Let t(l) = -4*b(l) - 9*k(l). What is t(-4)?
-3
Let d = -4 + 4. Let m(u) = 5*u**3 + 7*u**2 - 7*u + 5. Let h(n) = 4*n**3 + 6*n**2 - 6*n + 5. Let w(z) = 6*h(z) - 5*m(z). Determine w(d).
5
Let w(h) = 5*h**2 + 3*h + 3. Let i(n) = -1 - 4*n**2 + 0*n + n + n**3 - 2*n**3 + 5*n**2. Let k(d) = i(d) - w(d). Determine k(-4).
4
Let c(s) = s**3 - s**2 - s + 1. Let p(f) = 3*f**3 + 3*f**2 - 4*f + 4. Let g(m) = -4*c(m) + p(m). Give g(7).
0
Let b(f) = -14*f**2 + 5*f. Let x(d) = -9*d**2 + 3*d. Let g(m) = -5*b(m) + 8*x(m). Calculate g(-2).
-6
Let c(q) = 0*q - 4 + 1 - 2*q + 4. Suppose 0*b - b = 2. What is c(b)?
5
Let c(w) = -w**3 - 6*w**2 - w + 1. Suppose 0 = -3*u + 5*y + 2, -2*u = -u - 4*y - 10. Calculate c(u).
7
Suppose 0 = -5*b + 3*f + 78, 4*b + 0*b + f - 59 = 0. Suppose 0*y + 5*y = b. Let w(p) = p**2 + p - 4. Calculate w(y).
8
Let x(c) = 2*c**2 + 3 - 8*c - 3*c**2 + 4*c. Calculate x(-5).
-2
Suppose 4*y - 54 = 14. Let o(u) = -u**3 + 9*u**2 + u - 7. Let i be o(9). Suppose s = 4*m - y, -m + i*s - 4 = -s. Let q(b) = -2*b + 2. Calculate q(m).
-8
Let j(n) = n**2 + 4*n - 1. Suppose 0 = -3*f + 11 + 4, -5*h + 4*f = 45. Determine j(h).
4
Let w be (-1)/((-2 + 1)*-1). Let x be (-30)/4 - w/(-2). Let c = -6 - x. Let f(q) = -q**2 - q - 1. Calculate f(c).
-7
Let v(w) = -12*w + 2 - 2. Determine v(-1).
12
Let i(x) = x**2 - 5*x - 6. Let d = 3 + -7. Let n = 6 + d. Suppose -3*h + n*h = -5. What is i(h)?
-6
Let q(z) = z**2 - 3*z - 5. Let x be q(5). Suppose 0*u + u - 5*j - 6 = 0, -x*u + j = -6. Let g(y) = y**3 - 1 + 4 + 3*y - u + 3*y**2. Determine g(-3).
-7
Let f(b) be the third derivative of -b**6/120 + b**5/10 - b**4/3 + b**3 + 3*b**2. Let m(k) = -k**2 + 4*k + 1. Let z be m(2). Give f(z).
-9
Let n(h) = -3*h - 4. Let f be n(-3). Let a(x) = x**2 + 2*x + 1. Let m be a(-3). Let o(q) = q + m - 2*q - f. Give o(1).
-2
Suppose 0*g - 4*g = 4*t - 20, 0 = 4*g - 12. Suppose -3*l - 15 = t*l. Let d(f) = -2*f**2 - 3*f + 4. Give d(l).
-5
Let x(s) = 4*s + 3. Let v(z) = -z - 16. Let o be v(-13). Give x(o).
-9
Let w(t) = 19*t**2 - t**3 - t - 18*t**2 + 0*t - 1 + 2*t. Give w(-2).
9
Suppose 0*i = 3*i - 3. Suppose 2*q - 6 = -2*k, 3*q + 0*k = -4*k + 9. Let b(n